n - 12. Suppose -l + 4 = -s. What is the units digit of l?
7
Suppose -3*s = -2*s - 6. Suppose 0 = -4*d - s + 58. What is the units digit of d?
3
Suppose 0 = -4*y - 5*v + 24, -2*y + 3*v = -5*y + 18. Let i(p) = 3 - 1 - 6 + p. What is the units digit of i(y)?
2
Let k be 8/(-12) + (-68)/(-12). Suppose -k*n = 4*p - 67, 3*p + p + 3*n = 61. What is the units digit of p?
3
Suppose 15 + 165 = 6*w. What is the units digit of w?
0
Let x be ((-4)/7)/(2/(-7)). Suppose -x*l + 11 = -5*p, 10 = -5*l + 5*p + 45. What is the units digit of l?
8
What is the tens digit of (3 - 635/(-15))/((-4)/(-6))?
6
Suppose -5*i + 0*i + 65 = 0. Let g(t) = 2*t - 13. What is the units digit of g(i)?
3
Suppose -5*c - 4*m = -406, 5*m - 40 = -5*c + 370. Suppose c = 5*i - 82. What is the tens digit of i?
3
Let k be 1*-1*(-2)/(-2). Let y(s) = -s**2 - 2*s - 2. Let h be y(-1). What is the units digit of h/(k/4) + -3?
1
What is the units digit of ((-1)/4)/((-5)/940)?
7
Let s = 9 + -15. Let j = 10 + s. Suppose 4*b = -j*p + 3*p + 27, -3*p = -5*b + 4. What is the units digit of p?
7
What is the units digit of 374/33*(-9)/(-2)?
1
Let p = -6 - -14. Let k(z) = z**2 - 5*z - 5. What is the units digit of k(p)?
9
Let q(z) = 3*z**2 - 4*z + 4. Suppose -41 = -4*u + 4*i + i, -32 = -3*u + 4*i. What is the units digit of q(u)?
6
What is the tens digit of ((-6)/10)/((-4)/120)?
1
Let d(u) = -u**2 + 6*u - 6. Let k(m) = -3*m**2 + 12*m - 13. Let z(v) = 5*d(v) - 2*k(v). What is the units digit of z(-7)?
3
Let n = -46 + -36. Let q = n - -120. What is the units digit of q?
8
Suppose -2*i - 1 = 5*a - 13, 5*a - 15 = -5*i. Let o = i - -6. What is the units digit of o?
7
Let l(r) = 4*r**2 - 4*r + 1. What is the tens digit of l(3)?
2
Let p be (6/4)/(4/(-24)). Let k(r) be the second derivative of r**3/6 + 11*r**2/2 - 3*r. What is the units digit of k(p)?
2
Let l = 416 - 277. What is the units digit of l?
9
Suppose -5 = -w - 3*a, -3*a - 17 = -3*w + 2*w. What is the tens digit of w?
1
Suppose 9*d + 345 - 1254 = 0. What is the tens digit of d?
0
Let g(o) = -2*o + 9. Let q be g(6). Let v = -8 - q. Let i = 7 + v. What is the units digit of i?
2
Let l = 26 - 18. What is the units digit of (-2 + l)*(-17)/(-2)?
1
Suppose -3*z - 4*n - 11 = 0, 4*z - 5*n - 40 = -z. What is the units digit of z?
3
Suppose 5*q - 5*b = 109 + 11, 0 = -4*q + 2*b + 86. What is the tens digit of q?
1
Let a = -1 - -6. Let q(u) = -u**3 + 6*u**2 - 3*u + 4. Let z be q(a). What is the units digit of 66/14 + 4/z?
5
Let t = 337 + -739. What is the units digit of t/(-42) + 3/7?
0
Let h be (1/1)/(1/2). What is the tens digit of (-2)/(-4)*h*13?
1
Suppose 6 = -5*w + 2*w. Let i be (2 - 3) + 4 + w. Let r(m) = 7*m**3 + m**2 + m - 1. What is the units digit of r(i)?
8
Let c be (228/(-2 + -1))/1. What is the units digit of c/(-16) + 1/4?
5
Let d be (-8)/10*(-6 + 1). Suppose v = -2*v + 18. What is the units digit of (-4)/((-1)/(v/d))?
6
Let i(t) = -7*t + t + 6 + 1 - t**3 + 7*t**2. Let y be i(5). Suppose -3*x + 23 = 4*d, d - y = -0*d - 5*x. What is the units digit of d?
2
Let f = -15 + 9. What is the units digit of 2*4 - f/(-6)?
7
What is the tens digit of (0 - -346)*6/12?
7
Let w(c) = c**3 - 6*c**2 - 7*c - 3. Let g be w(7). Let o = 5 + g. What is the units digit of (5/o + -1)*6?
9
Let q = -10 + 30. What is the tens digit of q?
2
Let z(g) be the first derivative of -g**3/3 + 15*g**2/2 - 16*g + 2. What is the units digit of z(13)?
0
What is the units digit of 1370/14 + (-1)/(-7)?
8
Suppose 11*j - 2734 = -215. What is the tens digit of j?
2
Let b be (2 + 2/(-1))/(-1). Suppose a - 2 = 4*n - 3*n, 5*n - 3*a = b. What is the units digit of n?
3
Let m(d) = -7*d - 16. Let a be m(-12). Suppose 5*o = -a + 28. Let n(f) = -f + 7. What is the units digit of n(o)?
5
Suppose -4*g + 0*g = -4*l - 28, 4*g = -2*l + 34. Let v be -4*(-1 + (-5)/(-20)). Suppose 0 = -f + v*f + g, -z + 5*f = -34. What is the tens digit of z?
1
Let u be (0 + 2 + -1)*-6. Let q = 8 + u. Suppose -p - g = 1, q*g = -2*g - 12. What is the units digit of p?
2
Let g(a) = -6*a**3 + a. Let d be g(-1). Let p(t) = 6*t - 9. What is the tens digit of p(d)?
2
Let c = -12 + 35. What is the tens digit of c?
2
Let u be (-1 + 1)/((-2)/1). Suppose 3*q - q - 6 = u. Suppose 0*h - q = -h. What is the units digit of h?
3
Let y(k) = -k**3 - 4*k**2 - 5*k - 8. What is the tens digit of y(-6)?
9
What is the tens digit of 108/5 - (-10)/25?
2
Suppose -295 = -5*o - 3*h, 0*o + h = 2*o - 107. What is the tens digit of o?
5
Suppose 0 = -5*b + 6 + 4. Suppose 0*y - 2*q - 28 = -b*y, -6 = 2*q. What is the units digit of y?
1
Let p = 3 + -1. Suppose -40 = -4*n + 4*a, p*a - a - 44 = -5*n. What is the units digit of n?
9
Suppose 17 = 3*r - 5*l, 0 = -5*r - l + 9 + 10. Suppose 0*k + r*c + 8 = -k, -k = 2*c - 2. What is the tens digit of k?
1
Let q(o) = -o**3 + 5*o**2 - 5*o + 1. Let y be q(4). Let s = -7 - -6. What is the units digit of -1 + s/(y/12)?
3
Let j(m) = -4*m**3 - 3*m**2 - 3*m - 4. Let r(c) = 2*c - 3*c**3 + 0 + 3*c**2 + 0*c**3 + 3 + 6*c**3. Let w(s) = -4*j(s) - 5*r(s). What is the units digit of w(3)?
7
Let u = 130 - -45. What is the hundreds digit of u?
1
Let n(t) be the second derivative of 5*t**4/12 + t**3/6 - 5*t**2/2 - 5*t. What is the tens digit of n(-3)?
3
Let x be (2/(-3))/((-4)/6). Let s(n) = 8*n**3 - 2*n**2 + 1. Let f be s(x). Let w = f + -1. What is the units digit of w?
6
Let g(n) = n**2 - 14*n + 27. What is the tens digit of g(16)?
5
What is the tens digit of ((-8)/10)/((-2)/110)?
4
Let z be ((-2)/(-5))/(2/10). Suppose -z*q + 0 = -s + 6, 4*q = -s. What is the units digit of s?
4
Suppose -339 = -5*o + 521. What is the units digit of o?
2
Suppose -2*r + 100 = 3*r. Let f = r + -13. What is the units digit of f?
7
Let z(u) = u**2 - 3*u - 4. Let g be z(5). Let c be (-4)/3*9/g. Let f = 2 - c. What is the units digit of f?
4
Let d = -92 + 215. What is the tens digit of d/9 - (-4)/(-6)?
1
Let s = 85 + -33. What is the tens digit of s?
5
Let n(g) = -11*g**2 - 7*g - g**3 + 3 + 3 + 19*g**2. What is the units digit of n(7)?
6
Suppose -57 = -4*p + 55. What is the tens digit of p?
2
Suppose 0*t + t = 0. Let k(a) = -a**2 + a + 3. Let r be k(t). Let v(w) = 2*w + 4. What is the tens digit of v(r)?
1
Let y be 5/(-2)*24/(-15). What is the units digit of 1*-2 + 11 + y?
3
Let s(l) = -l**3 - 5*l**2 + 7*l + 6. Let u be s(-6). Let p be 6/9 + 7/3. Suppose t - 5*z - 1 = u, 0*t - 2*z = -p*t + 16. What is the units digit of t?
6
Suppose 3*d + 5 = -2*d. Let p(f) = -f**3 - f + 2. Let o be p(0). What is the units digit of d/2 + 19/o?
9
Suppose -5*p = 3*v - 331, 0 = -p + 5*p - 8. Suppose -3*b = 4*s - v, 151 = 5*s - 0*b - 2*b. What is the units digit of 1/(-4) + s/4?
7
Suppose -2*q + 5*o - 26 = 0, -5*q + o = -0*q + 19. Let l(p) = 6*p**3 + 5*p**2 - 5*p**3 - 2*p**2 - 4*p + 0*p**3. What is the tens digit of l(q)?
1
What is the tens digit of ((-10)/(-3))/(4/18)?
1
Let o(t) be the first derivative of t**5/60 - t**4/3 + 7*t**3/6 - t**2 - 1. Let n(w) be the second derivative of o(w). What is the units digit of n(8)?
7
Suppose 0 = 5*u + y - 65, -2*u + 0*y + 2*y + 14 = 0. Let d be (-3)/u - (-45)/4. Suppose 0 = -f - 0*f + d. What is the tens digit of f?
1
Let r(f) = -68*f + 8. What is the tens digit of r(-1)?
7
Suppose 3*k = -4*c + 4*k + 25, 16 = 2*c - 4*k. Suppose 3 = -3*q + c. Let a = q - 0. What is the units digit of a?
1
Let u = 18 + 1. What is the units digit of u?
9
Let n(s) = -5*s**3 - s**2 - 9*s + 12. What is the hundreds digit of n(-4)?
3
Let a(g) = 11 + 3*g - 3*g - g. Let k be a(6). Suppose -26 = -k*t - 3*b + b, 2*b - 8 = -2*t. What is the units digit of t?
6
Suppose -z = 5*v - 180, -4*v + 130 = -0*v - 2*z. What is the units digit of v?
5
Let s(u) = u**3 - 5*u**2. Suppose -4*w = -3*w - 5*k, 5*k + 10 = 3*w. Let y be s(w). Suppose -f + 2*b + b + 18 = y, 34 = 3*f + b. What is the units digit of f?
2
Suppose -4*l + 1 = -7. What is the units digit of l?
2
Suppose 5*j + 352 = 9*j. What is the tens digit of j?
8
What is the units digit of 470/5 + -4 + 2/1?
2
Let a = 5 + 11. Suppose -4*x = -0 - a. Suppose -15 = -3*n, 6*j - 2*j + x*n = 64. What is the units digit of j?
1
Let b = 100 - 64. What is the tens digit of b?
3
What is the tens digit of (-1)/(47/(-23) - -2)?
2
Let l(c) = c + 7. Let m be l(-5). Suppose 4*z = m*z. Suppose -2*y + z*y + 6 = 0. What is the units di